 = 13529 + -12935. Calculate the remainder when h is divided by 587.
7
Suppose -11*y = -2*o - 10*y - 10, 12 = -5*o - 4*y. Let i(u) = -2*u**3 - 6*u**2 - 16*u - 38. What is the remainder when i(o) is divided by 21?
16
Suppose -4*x = -69 - 43. Suppose -2*b + x = 5*b. Suppose 2*y = -z + 69 - 5, -b*y = -2*z - 144. What is the remainder when 67 is divided by y?
33
Let m = -99 - -91. Let y(s) = 2*s**2 + 15*s + 30. Calculate the remainder when y(m) is divided by 28.
10
Suppose 2*p - 79 = k, -6*p - k = -5*p - 32. Let r = p - 16. What is the remainder when ((-4)/8)/(2/(-292)) is divided by r?
10
Let r(o) = 86*o - 67. Let l(y) = y**2 - 85*y + 69. Let h(c) = 3*l(c) + 2*r(c). What is the remainder when h(30) is divided by 22?
19
Suppose 0 = 2*r - 10, -5*a + 2*r - 15 = 0. Let t be a/((25/(-20))/(-5)). What is the remainder when (14/t)/((-7)/574) is divided by 48?
47
Suppose 50*k - 24*k + 46 = 722. Let s(r) = -12*r. What is the remainder when s(-6) is divided by k?
20
Let h(v) = -v**2 + 75*v - 980. What is the remainder when h(51) is divided by 17?
6
Let u(l) = l**2 + 3*l - 21. Let q be u(-4). Let f = 44 + q. Suppose 0 = -6*w - f + 87. What is the remainder when w is divided by 7?
3
Let r = -3871 + 3879. Calculate the remainder when r is divided by 7.
1
Suppose 3 = r, 959 = 5*m + 4*r + 687. Calculate the remainder when 3117 is divided by m.
49
Suppose 10*x = -66 + 646. Suppose 67*g - 252 = x*g. What is the remainder when 54 is divided by g?
26
Suppose 72 + 33 = 5*k. Suppose 13*n = 1691 - 92. What is the remainder when n is divided by k?
18
Let i be (-3)/(-9) + (-425)/15. Let t = i + 40. Let z = t - 3. Calculate the remainder when 79 is divided by z.
7
Suppose 6*f + 6 = 36. Let v(s) = -3*s**2 - 114*s + 4. Calculate the remainder when f is divided by v(-38).
1
Suppose -2*m - 2*u + 468 = 0, u = -3*m + 446 + 242. What is the remainder when 1162 is divided by m?
27
Suppose 3*o - 69 = -2*f + 256, 5*f = -o + 130. Let g = -95 + o. What is the remainder when 37 is divided by g?
7
Let b(r) = -16*r**3 - 4*r**2 - 5*r + 21. Let q be b(-5). Suppose 7*l = 14*l - q. Calculate the remainder when l is divided by 14.
12
Let g = -1332 - -1393. What is the remainder when 1828 is divided by g?
59
Calculate the remainder when 3/(81/12612) + 113/(-1017) is divided by 52.
51
Let h(a) = a**3 + a**2 + a + 22. Suppose w - 876 - 1422 = l, 5*l + 3*w = -11522. Let i = l + 2407. What is the remainder when i is divided by h(0)?
17
Let a(y) = 3*y**3 - 42*y**2 + 178*y + 48. Calculate the remainder when a(4) is divided by 0/(1 - 2) + 47.
45
Let b(l) = l**3 - 47*l**2 + 26*l + 35. What is the remainder when b(48) is divided by 26?
25
Let d = 2549 + -2539. Calculate the remainder when 87 is divided by d.
7
Calculate the remainder when (-1)/((-2)/(-26) + (-2322)/2132 + 1) is divided by 65.
17
Suppose -5*h + 5 = 0, -2*o + 14*h + 100 = 12*h. What is the remainder when o is divided by 3 + (1 + 0)*23?
25
Suppose 0 = 17*o - 13952 + 165. Calculate the remainder when o is divided by 63.
55
Let w(k) be the first derivative of -17*k**2/2 + 285*k + 752. Suppose n = -0*n + 50. What is the remainder when n is divided by w(16)?
11
Suppose 4 = -3*b + 1. Let y(x) = 54*x + 14. Let c(k) = -1. Let z(m) = b*y(m) - 10*c(m). Calculate the remainder when z(-1) is divided by 18.
14
Suppose 5*o = -3*t + 3, 3*t = -4*o - 151 + 160. Calculate the remainder when 22 is divided by t.
0
Let u be (7 - 2)*21/5. Let f = u + -17. Calculate the remainder when 22 is divided by (10 + f + -2)/1.
10
Let q(r) = 2*r + 6. Suppose k - 3*a - a = -8, 0 = -5*k - a + 65. What is the remainder when (464/(-32))/((-2)/k) is divided by q(6)?
15
Suppose u = 3*u - 26. Let i(h) = -4*h + 34. Suppose -22 = -4*f + 6. Calculate the remainder when u is divided by i(f).
1
Suppose -757 = 5*d + 2*r - 6030, 5*d = -3*r + 5272. What is the remainder when d is divided by 9?
2
Let t(s) = s**3 + 12*s**2 - 219*s + 43. Suppose 0 = -i + 29 + 47. Calculate the remainder when i is divided by t(-22).
13
Suppose -5*n = -c - 148, -n = -4*n + 9. Let d = c + 228. What is the remainder when (d + (-10 + 1)/(-3))/2 is divided by 18?
13
Suppose 72*i = -47*i + 1516 + 2173. What is the remainder when 508 is divided by i?
12
Let t(n) = n**3 + 70*n**2 - 6*n - 633. What is the remainder when t(-69) is divided by 15?
12
Let y be 6*327/108*6. Suppose 5*a - 7*t - y = -6*t, 3*a + 2*t = 55. Calculate the remainder when 34 is divided by a.
13
Let o = 7 + 15. Let c(l) = 5*l + 381. What is the remainder when c(-55) is divided by o?
18
Let y = 15723 + -15147. What is the remainder when y is divided by 188?
12
Suppose 204 = 5*d + 3*t, 276*t = -7*d + 272*t + 284. What is the remainder when 18431 is divided by d?
35
Suppose 5*f + 2*b + 36 = 96, -15 = -2*f + b. Suppose 29*g - f*g - 684 = 0. Calculate the remainder when g is divided by 19.
17
Suppose 5*l - q - 4173 = 0, 2*l = -5*q + 712 + 941. Calculate the remainder when 849 is divided by l.
15
Let j = -3887 + 2353. Let s be 190/45 - 4 - j/(-18). Let n = s - -134. Calculate the remainder when 94 is divided by n.
45
Suppose -3*k = -73 + 4. Suppose a - 24 = t - 4*a, 0 = -5*a + 15. What is the remainder when 5085/81 - 2/t - -3 is divided by k?
20
Suppose 3*w - 308 = -4*f, 0 = -5*w + 99*f - 100*f + 468. What is the remainder when 3767 is divided by w?
87
Let c = 2013 - 1997. Suppose 5*u - 3*u = 114. Calculate the remainder when u is divided by c.
9
Let b(i) = -i**3 - 3*i**2 + 11. Suppose 4*a - 104 = 5*n + 2*a, -n + a = 19. Let d = 44 + n. What is the remainder when b(-5) is divided by d?
17
Let p(q) = -3*q + 26. Let t(l) = 9*l - 77. Let o(c) = 8*p(c) + 3*t(c). Let n = -246 + 257. What is the remainder when o(n) is divided by 6?
4
Let a(m) = 55*m + 745. Calculate the remainder when 50 is divided by a(-13).
20
Let r(m) = -49*m**3 - m**2 - m - 1. Let q(b) = 143*b**3 - 3*b + 2. Let p be q(1). Let v = p + -132. What is the remainder when r(-1) is divided by v?
8
Suppose 0 = f - b - 218, -17*f + 20*f = -b + 642. What is the remainder when 652 is divided by f?
7
Let s = -2486 - -2524. Calculate the remainder when 236 is divided by s.
8
Suppose -c = 3*g - 2647, -4*g + 1901 = -3*c - 1637. Calculate the remainder when g is divided by 88.
3
Let z = -48 + 65. Let v(b) = -21*b - 27. Let s be v(-6). Let j = -49 + s. Calculate the remainder when j is divided by z.
16
Let c be (-2)/4 - 280/(-80). Suppose -r - 4 = 0, r - 98 = -0*q - c*q. Let u(y) = -y**2 - 5*y + 5. Calculate the remainder when q is divided by u(-4).
7
Let k(s) be the second derivative of s**4/6 - 23*s**3/2 - 58*s**2 + 3*s - 35. What is the remainder when k(38) is divided by 17?
14
Suppose -c - 3 = -z + 6, 2*c = 6. Calculate the remainder when 126 is divided by z.
6
Suppose -78486 = -213*r + 66567. What is the remainder when r is divided by 220?
21
Suppose -292 - 356 = 5*c + 3*o, 0 = c - o + 128. Let d = c + 133. What is the remainder when 11 is divided by d?
3
Suppose 251 - 993 = -7*n. Suppose 5*z - 516 = -2*s, z - n = -0*s + s. Calculate the remainder when z is divided by 7.
6
Let l = -24456 - -24555. Calculate the remainder when 2172 is divided by l.
93
What is the remainder when 219 is divided by 130/(-1755) - (-6000)/81?
71
Suppose -7*v + 5*v - 4*b = -66, -4*v + 96 = -b. Suppose v*i = 21*i + 68. What is the remainder when 52 is divided by i?
1
Let t = 163 + 244. What is the remainder when t is divided by 65?
17
Let p = 1901 - 1656. Calculate the remainder when 511 is divided by p.
21
Let l = 8519 - 8342. What is the remainder when 706 is divided by l?
175
Suppose -3*k + 20*k = 765. Suppose -106*p + 101*p + k = 0. Calculate the remainder when 125 is divided by p.
8
Let v(j) = -3147*j + 195. Calculate the remainder when v(-3) is divided by 51.
48
Suppose -117 = 48*n - 51*n + 3*v, -93 = -2*n - 3*v. Calculate the remainder when 8229 is divided by n.
39
Let j = -219 + 366. Suppose 0 = 37*t - 223 - j. What is the remainder when 2/(2/35) - 0 is divided by t?
5
What is the remainder when 4752 is divided by (-3 - 3)*2*((-260)/30 - -3)?
60
Let m(u) = 370*u - 2868. Calculate the remainder when m(8) is divided by 52.
40
Let h(u) = 14*u**2 + 3*u - 13. Suppose -4*z - 3*q + 62 = -22, -4*z = 2*q - 84. What is the remainder when h(3) is divided by z?
17
Let i(b) = b**2 + 46*b - 1479. Calculate the remainder 